{"id":3921,"date":"2025-09-22T12:55:39","date_gmt":"2025-09-22T10:55:39","guid":{"rendered":"https:\/\/www.esptcongress.org\/?page_id=3921"},"modified":"2025-09-22T12:55:39","modified_gmt":"2025-09-22T10:55:39","slug":"xandra-garcia-gonzalez","status":"publish","type":"page","link":"https:\/\/www.esptcongress.org\/index.php\/xandra-garcia-gonzalez\/","title":{"rendered":"Xandra Garc\u00eda Gonz\u00e1lez"},"content":{"rendered":"<div class=\"wpb-content-wrapper\"><p>[vc_row][vc_column width=&#8221;1\/4&#8243;]<style type=\"text\/css\" data-type=\"the7_shortcodes-inline-css\">.shortcode-single-image-wrap.shortcode-single-image-278a70d5c48d729da627fd100e26b284.enable-bg-rollover .rollover i,\n.shortcode-single-image-wrap.shortcode-single-image-278a70d5c48d729da627fd100e26b284.enable-bg-rollover .rollover-video i {\n  background: -webkit-linear-gradient();\n  background: linear-gradient();\n}\n.shortcode-single-image-wrap.shortcode-single-image-278a70d5c48d729da627fd100e26b284 .rollover-icon {\n  font-size: 32px;\n  color: #ffffff;\n  min-width: 44px;\n  min-height: 44px;\n  line-height: 44px;\n  border-radius: 100px;\n  border-style: solid;\n  border-width: 0px;\n}\n.dt-icon-bg-on.shortcode-single-image-wrap.shortcode-single-image-278a70d5c48d729da627fd100e26b284 .rollover-icon {\n  background: rgba(255,255,255,0.3);\n  box-shadow: none;\n}<\/style><div class=\"shortcode-single-image-wrap shortcode-single-image-278a70d5c48d729da627fd100e26b284 alignnone  vc_custom_1758538491473 enable-bg-rollover dt-icon-bg-off\" ><div class=\"shortcode-single-image\"><div class=\"fancy-media-wrap  layzr-bg\" style=\"\"><img fetchpriority=\"high\" decoding=\"async\" class=\"preload-me lazy-load aspect\" src=\"data:image\/svg+xml,%3Csvg%20xmlns%3D&#39;http%3A%2F%2Fwww.w3.org%2F2000%2Fsvg&#39;%20viewBox%3D&#39;0%200%20500%20500&#39;%2F%3E\" data-src=\"https:\/\/www.esptcongress.org\/wp-content\/uploads\/2025\/09\/Garcia-Gonzalez_foto-scaled-500x500.jpg\" data-srcset=\"https:\/\/www.esptcongress.org\/wp-content\/uploads\/2025\/09\/Garcia-Gonzalez_foto-scaled-500x500.jpg 500w, https:\/\/www.esptcongress.org\/wp-content\/uploads\/2025\/09\/Garcia-Gonzalez_foto-scaled-1000x1000.jpg 1000w\" loading=\"eager\" sizes=\"(max-width: 500px) 100vw, 500px\" width=\"500\" height=\"500\"  data-dt-location=\"https:\/\/www.esptcongress.org\/index.php\/speakers\/garcia-gonzalez_foto\/\" style=\"--ratio: 500 \/ 500;\" alt=\"\" \/><\/div><\/div><\/div><div class=\"standard-arrow list-divider bullet-top\"><ul>\n<li>Xandra Garc\u00eda Gonz\u00e1lez<\/li>\n<\/ul>\n<\/div>[\/vc_column][vc_column width=&#8221;3\/4&#8243;]<div id=\"ultimate-heading-289169f2fafd79b6d\" class=\"uvc-heading ult-adjust-bottom-margin ultimate-heading-289169f2fafd79b6d uvc-4105 color-title accent-title-color uvc-heading-default-font-sizes\" data-hspacer=\"no_spacer\"  data-halign=\"left\" style=\"text-align:left\"><div class=\"uvc-heading-spacer no_spacer\" style=\"top\"><\/div><div class=\"uvc-main-heading ult-responsive\"  data-ultimate-target='.uvc-heading.ultimate-heading-289169f2fafd79b6d h2'  data-responsive-json-new='{\"font-size\":\"\",\"line-height\":\"\"}' ><h2 style=\"--font-weight:theme;\">CV<\/h2><\/div><div class=\"uvc-sub-heading ult-responsive\"  data-ultimate-target='.uvc-heading.ultimate-heading-289169f2fafd79b6d .uvc-sub-heading '  data-responsive-json-new='{\"font-size\":\"\",\"line-height\":\"\"}'  style=\"font-weight:normal;\"><strong>Xandra Garc\u00eda Gonz\u00e1lez<\/strong> holds a degree in Pharmacy from the University of Navarra (2011), is a certified Specialist in Hospital Pharmacy (2016), and earned her PhD in Health Sciences from the University of Alcal\u00e1 (2021). Since 2017, she has worked as a clinical pharmacist at Gregorio Mara\u00f1\u00f3n University Hospital in Madrid, focusing on therapeutic individualization (pharmacogenetics\/pharmacokinetics), cardiology, and cardiac surgery. She is a member of the Hospital Pharmacy and Pharmacogenomics Research Group at the Gregorio Mara\u00f1\u00f3n Health Research Institute and has contributed to multiple competitive research projects and publications in pharmacogenomics, personalized therapy, and clinical pharmacy. In 2024, she joined the board of the Spanish Society of Pharmacogenetics and Pharmacogenomics (SEFF) and currently serves on the Scientific Committee of the European Association of Hospital Pharmacists (EAHP).<\/div><\/div><div id=\"ultimate-heading-237469f2fafd79bb1\" class=\"uvc-heading ult-adjust-bottom-margin ultimate-heading-237469f2fafd79bb1 uvc-6784 color-title accent-title-color uvc-heading-default-font-sizes\" data-hspacer=\"no_spacer\"  data-halign=\"left\" style=\"text-align:left\"><div class=\"uvc-heading-spacer no_spacer\" style=\"top\"><\/div><div class=\"uvc-main-heading ult-responsive\"  data-ultimate-target='.uvc-heading.ultimate-heading-237469f2fafd79bb1 h2'  data-responsive-json-new='{\"font-size\":\"\",\"line-height\":\"\"}' ><h2 style=\"--font-weight:theme;margin-top:50px;\">ABSTRACT<\/h2><\/div><div class=\"uvc-sub-heading ult-responsive\"  data-ultimate-target='.uvc-heading.ultimate-heading-237469f2fafd79bb1 .uvc-sub-heading '  data-responsive-json-new='{\"font-size\":\"\",\"line-height\":\"\"}'  style=\"font-weight:normal;\"><strong>Implementation of the Pharmacogenetic testing catalog of the National Health System<\/strong><\/p>\n<p>In June 2023, Spain approved a national genomic testing portfolio that includes 12 pharmacogenetic genes for 23 drugs across several clinical indications. While access to these tests must be guaranteed nationwide, implementation is delegated to regional healthcare authorities, resulting in heterogeneous models and progress. This session will showcase the strategic initiative of Madrid\u2019s Regional Health Service (SERMAS) as a successful example.<\/p>\n<p>The SERMAS Pharmacogenomics Working Group\u2014led by the Deputy Directorate for Healthcare Coordination and composed of clinical pharmacologists, geneticists, molecular biologists, clinical analysts, and hospital pharmacists\u2014was established and designed a decentralized implementation model. This model is organized around four reference hospitals (La Princesa, Ram\u00f3n y Cajal, La Paz, and Gregorio Mara\u00f1\u00f3n) responsible for performing 28 pharmacogenetic tests, with two additional centers (Puerta del Hierro and Cl\u00ednico San Carlos) issuing individualized clinical recommendations. An on-line platform enables efficient test ordering, report sharing, and data management, while facilitating real-time monitoring and continuous model evaluation. Since its rollout, the program has standardized protocols, built efficient clinical circuits, and established a robust collaborative network, contributing to safer and more effective pharmacotherapy. The model ensures equitable access to pharmacogenetics across the region, optimizes resources and expertise, and fosters interdisciplinary collaboration. The presentation will outline the organizational framework, most in-demand tests and the laboratory techniques employed, alongside reflections on key factors for successful implementation.<\/p>\n<p>&nbsp;<\/div><\/div>[\/vc_column][\/vc_row]<\/p>\n<\/div>","protected":false},"excerpt":{"rendered":"<p>[vc_row][vc_column width=&#8221;1\/4&#8243;][\/vc_column][vc_column width=&#8221;3\/4&#8243;][\/vc_column][\/vc_row]<\/p>\n","protected":false},"author":1,"featured_media":0,"parent":0,"menu_order":0,"comment_status":"closed","ping_status":"closed","template":"","meta":{"footnotes":""},"class_list":["post-3921","page","type-page","status-publish","hentry","description-off"],"_links":{"self":[{"href":"https:\/\/www.esptcongress.org\/index.php\/wp-json\/wp\/v2\/pages\/3921","targetHints":{"allow":["GET"]}}],"collection":[{"href":"https:\/\/www.esptcongress.org\/index.php\/wp-json\/wp\/v2\/pages"}],"about":[{"href":"https:\/\/www.esptcongress.org\/index.php\/wp-json\/wp\/v2\/types\/page"}],"author":[{"embeddable":true,"href":"https:\/\/www.esptcongress.org\/index.php\/wp-json\/wp\/v2\/users\/1"}],"replies":[{"embeddable":true,"href":"https:\/\/www.esptcongress.org\/index.php\/wp-json\/wp\/v2\/comments?post=3921"}],"version-history":[{"count":2,"href":"https:\/\/www.esptcongress.org\/index.php\/wp-json\/wp\/v2\/pages\/3921\/revisions"}],"predecessor-version":[{"id":3923,"href":"https:\/\/www.esptcongress.org\/index.php\/wp-json\/wp\/v2\/pages\/3921\/revisions\/3923"}],"wp:attachment":[{"href":"https:\/\/www.esptcongress.org\/index.php\/wp-json\/wp\/v2\/media?parent=3921"}],"curies":[{"name":"wp","href":"https:\/\/api.w.org\/{rel}","templated":true}]}}